what is -16 + -5?
-1b
In base 12, what is -5 - -799?
794
In base 13, what is 581 + 3?
584
In base 9, what is 3 - 83?
-80
In base 6, what is 3 + -2041?
-2034
In base 11, what is 18 + 42?
5a
In base 2, what is -1010101100 + -1?
-1010101101
In base 3, what is 2111 + 121?
10002
In base 11, what is -3 + -323?
-326
In base 7, what is 54 - -3?
60
In base 12, what is 0 + 6a?
6a
In base 3, what is 0 - -222000?
222000
In base 11, what is 5 + -28?
-23
In base 15, what is 47 + 15?
5c
In base 15, what is -d - -49?
3b
In base 6, what is 43 + 223?
310
In base 8, what is 201 - 1?
200
In base 9, what is -1241 + -4?
-1245
In base 15, what is -4c - -19?
-33
In base 9, what is 5 + 3?
8
In base 9, what is 120 + 43?
163
In base 13, what is -1c + 20?
1
In base 7, what is 2 - -32?
34
In base 13, what is -4 - 86?
-8a
In base 9, what is 2 + 1586?
1588
In base 14, what is -15298 - 1?
-15299
In base 11, what is -17 + -1?
-18
In base 16, what is -90 - -4?
-8c
In base 15, what is 5 + -34c?
-347
In base 2, what is -1010000 - -100110?
-101010
In base 5, what is 1113 + 4?
1122
In base 2, what is 1001010001 - -1?
1001010010
In base 11, what is 4256 - 1?
4255
In base 12, what is -3 + 88?
85
In base 14, what is 391 - 4?
38b
In base 4, what is -1 + 30220?
30213
In base 13, what is 1 - -925?
926
In base 6, what is 103 - -345?
452
In base 2, what is -11001011101 + 10?
-11001011011
In base 11, what is 4 + -41?
-38
In base 10, what is -1 + 90?
89
In base 6, what is 4 + -35?
-31
In base 4, what is 11 - -10332?
11003
In base 11, what is -66 + -6?
-71
In base 3, what is 21021211 - 12?
21021122
In base 4, what is -13 - -10?
-3
In base 5, what is -12 + 214?
202
In base 10, what is -12 + -266?
-278
In base 14, what is 5 - -100c?
1013
In base 12, what is 4 - -362?
366
In base 14, what is -1d + -7?
-26
In base 13, what is 5a - 3?
57
In base 4, what is 10 - 201?
-131
In base 9, what is -16158 + -1?
-16160
In base 13, what is 0 - 2?
-2
In base 3, what is -10 + -1121122?
-1121202
In base 5, what is 113 + -1411?
-1243
In base 16, what is e + -6?
8
In base 15, what is 7c6 - 5?
7c1
In base 12, what is -189 + -a0?
-269
In base 7, what is -110 - -16?
-61
In base 4, what is -10 + 1100112?
1100102
In base 13, what is -6 - -25c?
256
In base 2, what is -1 - -10010?
10001
In base 5, what is -13 - 1030?
-1043
In base 14, what is -5 + 36?
31
In base 15, what is 173 + 4?
177
In base 15, what is d0 - -5?
d5
In base 14, what is d + -344?
-335
In base 10, what is 251 + 2?
253
In base 2, what is -100 + 111100?
111000
In base 4, what is 323 + 13?
1002
In base 9, what is 1 - 66?
-65
In base 9, what is 80 - -4?
84
In base 3, what is 10001 - -1?
10002
In base 10, what is -5 - -468?
463
In base 7, what is -2 + 5665?
5663
In base 10, what is 109 + 40?
149
In base 8, what is 170 - 1?
167
In base 6, what is 5 + -235?
-230
In base 13, what is 5806 + -1?
5805
In base 16, what is 5 + 1d?
22
In base 3, what is -2000211 - -122?
-2000012
In base 5, what is 20 + -12?
3
In base 12, what is 122 + -3?
11b
In base 9, what is -2 - 37?
-40
In base 11, what is 12 - -20?
32
In base 11, what is -22524 + 1?
-22523
In base 16, what is 4 + -12?
-e
In base 11, what is -31 - 1a?
-50
In base 5, what is 242 + 4?
301
In base 7, what is -5 + -420?
-425
In base 11, what is -44a - -2?
-448
In base 8, what is -63 - 7?
-72
In base 8, what is -1367 - 2?
-1371
In base 6, what is -11130 - 11?
-11141
In base 9, what is 440 + 1?
441
In base 4, what is 2312 - 10?
2302
In base 14, what is 0 + -19?
-19
In base 8, what is -141 - -20?
-121
In base 15, what is d9 - -4?
dd
In base 13, what is -831 - 15?
-846
In base 11, what is -3972 - 5?
-3977
In base 12, what is -12 - 8ba?
-910
In base 3, what is 210120 - 1?
210112
In base 16, what is 41f + 1?
420
In base 2, what is 100 + 101000?
101100
In base 5, what is 430114 - 4?
430110
In base 16, what is 8e3 + 5?
8e8
In base 5, what is -12 + -12241?
-12303
In base 13, what is 93 - 10c?
-49
In base 12, what is -bb - -2?
-b9
In base 3, what is -112 + 11?
-101
In base 7, what is 0 - 445?
-445
In base 4, what is -1 + 1211?
1210
In base 2, what is -1011 - 111010?
-1000101
In base 7, what is 3123 + -30?
3063
In base 6, what is -1 - 3150?
-3151
In base 9, what is -11775 - -5?
-11770
In base 14, what is -6 + 1?
-5
In base 13, what is 2 + -28?
-26
In base 8, what is -2 + -512?
-514
In base 7, what is 2 - -414?
416
In base 14, what is -5 + -d6?
-db
In base 8, what is 72 - -73?
165
In base 3, what is 12022 - -10222?
100021
In base 3, what is -1000011 + 0?
-1000011
In base 3, what is 12 + 22201?
22220
In base 2, what is -11111 - -1?
-11110
In base 12, what is 14992 + -2?
14990
In base 5, what is -2 - 41?
-43
In base 15, what is 62 - -8?
6a
In base 5, what is -20 - 240?
-310
In base 10, what is -2504 - -13?
-2491
In base 6, what is -15513 + 4?
-15505
In base 7, what is -3 - 115?
-121
In base 3, what is -22 - -21112?
21020
In base 2, what is 100111 + -10?
100101
In base 4, what is 132 + -2?
130
In base 2, what is 11 - 1000110?
-1000011
In base 9, what is -1 + 622?
621
In base 12, what is 10 + 13?
23
In base 13, what is -16a + -3?
-170
In base 4, what is 30113 - -12?
30131
In base 14, what is aa + -5?
a5
In base 13, what is -2 + b6?
b4
In base 16, what is 3 + -284?
-281
In base 15, what is -1a - -35?
1a
In base 5, what is 3313 - 2?
3311
In base 13, what is 138 - 5?
133
In base 9, what is 0 + -280?
-280
In base 2, what is -11001010000011 - -100?
-11001001111111
In base 12, what is 3 - -21?
24
In base 10, what is -178 - -79?
-99
In base 6, what is 2 - -1322?
1324
In base 9, what is -116 + 35?
-71
In base 2, what is 111001110111 + 10?
111001111001
In base 3, what is -2110 - 12?
-2122
In base 3, what is -1 - 11001122?
-11001200
In base 11, what is 3 + 64?
67
In base 4, what is 2 + 101?
103
In base 5, what is -10 - -141?
131
In base 16, what is 3 + 7f?
82
In base 15, what is -2 + -6d?
-70
In base 14, what is 658d - 5?
6588
In base 11, what is 230 + -1?
22a
In base 6, what is 24 + 15?
43
In base 16, what is -4 + 17?
13
In base 9, what is 303 - 5?
287
In base 13, what is -183 - 3?
-186
In base 8, what is 443 + 2?
445
In base 7, what is -5 - -1610?
1602
In base 9, what is 168 + -4?
164
In base 6, what is -3301 - -5?
-3252
In base 2, what is 101001 + 1001011?
1110100
In base 16, what is 5 - -38?
3d
In base 10, what is 19 + -1?
18
In base 16, what is 1ea - d?
1dd
In base 7, what is 2 + 133?
135
In base 12, what is 8075 - 3?
8072
In base 11, what is 1 + -a7?
-a6
In base 13, what is 3 - -46?
49
In base 13, what is 2 + -2?
0
In base 14, what is -5 + -1a18?
-1a1d
In base 13, what is 4 - 138?
-134
In base 5, what is 4 + 141?
200
In base 11, what is -5 - 67?
-71
In base 6, what is -1403 + -1?
-1404
In base 5, what is -402 - -10?
-342
In base 16, what is -1 - 67?
-68
In base 9, what is 8 + -1?
7
In base 14, what is -a + c?
2
In base 3, what is -10 - -222000?
221220
In base 14, what is -408 + -2?
-40a
In base 11, what is 5 + -1?
4
In base 16, what is 9 + -a?
-1
In base 10, what is 248 - -68?
316
In base 12, what is 9 - -5?
12
In base 14, what is 10 - 1c9?
-1b9
In base 11, what is -90 - -10?
-80
In base 13, what is 443 - -9?
44c
In base 14, what is 4 + 26?
2a
In base 15, what is 4 + -7d?
-79
In base 12, what is 1b3 - 5?
1aa
In base 7, what is 23 + -346?
-323
In base 3, what is 0 + -20200?
-20200
In base 4, what is 2102 - -203?
2311
In base 15, what is -4 + 1e5?
1e1
In base 5, what is -140143 + 1?
-140142
In base 10, what is 9 - 8?
1
In base 7, what is 144 + 32?
206
In base 2, what is -101011100100 - -11?
-101011100001
In base 4, what is -12 - 111222?
-111300
In base 5, what is 3241 + -10?
3231
In base 9, what is -306 + 17?
-278
In base 14, what is -24b + 16?
-235
In base 7, what is -10 + -5?
-15
In base 14, what is 11 + -c?
3
In base 4, what is -113031 - 32?
-113123
In base 8, what is 4 - -33?
37
In base 4, what is -10 - 10232?
-10302
In base 15, what is 2216 + 4?
221a
In base 12, what is -5bb5 + 3?
-5bb2
In base 9, what is 2 + -2680?
-2677
In base 5, what is 111 + -120?
-4
In base 11, what is 6 + 45a?
465
In base 15, what is -165 + 0?
-165
In base 16, what is -3 - 242?
-245
In base 13, what is -2c42 + 4?
-2c3b
In base 10, what is -1101 - 5?
-1106
In base 10, what is -8 + -175?
-183
In base 3, what is 222000 - -1?
222001
In base 14, what is 5 - 8